. Suppose -5*j = 3*z - 67, j + 3*z - 25 = -j. What is the greatest common divisor of t and j?
14
Let b(x) = 16*x**2 - 58*x + 566. Let o be b(23). What is the highest common factor of 13 and o?
13
Let l be (-3120)/360*1*-27. Calculate the highest common divisor of l and 1278.
18
Let h be 318/10 - 5 - (-1)/5. Suppose 52*b = 60*b - 1512. What is the highest common divisor of b and h?
27
Suppose -6*s = 3*s - 90. Let w be (-3)/84 - 86963/(-644). What is the greatest common factor of s and w?
5
Let z = 5503 - 5443. Calculate the greatest common factor of 6450 and z.
30
Let q be ((-6)/7)/((243/72954)/(-3)). Calculate the highest common factor of 20 and q.
4
Suppose 70 = 3*q + 4*f - 18, -2*q + 61 = 5*f. Let w be ((-420)/49)/((-6)/q). What is the greatest common factor of 50 and w?
10
Suppose 22*n = 18*n - 4. Let m be (-9 - -4)/((n/15)/(-1)). Let h = m + 78. What is the highest common divisor of h and 24?
3
Let a = 829 - 19. Suppose 18*u = 13*u + a. What is the highest common divisor of u and 6?
6
Let i be (0 - -2) + (0 - -9). Let p = -565 - -1005. Suppose -2*b - 3*o + 176 = 0, -5*b - 4*o + o + p = 0. Calculate the greatest common divisor of i and b.
11
Suppose 0 = -4*f + v + 167, f = 3*f - v - 85. Suppose 83*c + 615 = 86*c. Let a be 164/c*205/2. Calculate the highest common divisor of f and a.
41
Suppose -843 = -56*z + 669. Calculate the highest common divisor of 1647 and z.
27
Let q(a) = a**2 - 6*a - 96. Let j be q(14). Suppose -4*u - 4*p = 0, -2*p = -2*u - j + 32. Let r = -9 + 45. What is the highest common divisor of r and u?
4
Let l(j) = j**2 - 34*j - 15. Let r be l(10). Let f = -35 - r. Calculate the highest common factor of f and 88.
44
Let v(p) be the second derivative of -4*p**3/3 + 56*p**2 - 10*p + 5. Let t be v(0). What is the greatest common factor of t and 14?
14
Let v(o) = -75*o - 2. Let w = 35 + -36. Let q be v(w). Suppose -495 = 68*f - q*f. Calculate the greatest common divisor of 9 and f.
9
Let i(p) = p + 14. Let w be i(-21). Let t be (1/(1/8))/(-5 - w). Suppose -t = -3*l - l. What is the greatest common divisor of 2 and l?
1
Suppose 0 = h + 3 + 6. Let i be 12*(h*2)/(-3). Suppose 3*x - 144 - i = 0. What is the highest common factor of 8 and x?
8
Let o(h) = -2*h + 21. Let z be o(13). Let w be (-2)/z - (5 - (-532)/(-20)). Calculate the greatest common factor of 2 and w.
2
Let c(k) = 88*k + 93. Let h be c(-1). Let r be (-5 - -7) + 2*1. Suppose -2*d - 5*x - 60 = -3*d, 183 = r*d - x. What is the highest common divisor of d and h?
5
Suppose 10*c = 26*c - 384. Suppose -h - 3*u + 87 = 0, -3*h + 6*u = 4*u - 294. Calculate the greatest common divisor of h and c.
24
Let w(j) = j**2 + 6*j - 26. Let k be w(-12). Suppose -49*y = -k*y - 96. What is the greatest common factor of 12 and y?
4
Suppose -4*m = -8*m + 64. Suppose -12*b = -m*b + 208. Suppose q + 17 = 3*d + 1, 4*q = -5*d + 4. Calculate the highest common factor of b and d.
4
Let i(v) = -v**3 + 9*v**2 - 3*v + 30. Let k be i(9). Suppose -5*b = 4*y + y - 3240, 0 = -k*y + 3*b + 1926. What is the greatest common divisor of y and 15?
15
Let o be 2688/30 + -2 + (-36)/(-15). Let k = o + -60. Calculate the greatest common factor of k and 90.
30
Let g = -3335 - -3738. Suppose 4*n + 2*y = -0*n + 132, 2*n - 54 = 2*y. Calculate the greatest common divisor of n and g.
31
Let k = -184 + 187. Let h(p) = 3*p**3 - 6*p**2 + 15*p - 57. Let x be h(k). What is the greatest common factor of 10 and x?
5
Let c be (-2)/10 + 1080/25. Let g = c - 28. Let x be (-301)/(-63) - 3/(27/(-2)). What is the highest common divisor of g and x?
5
Let t(m) = 6*m**2 + 1463*m + 14507. Let c be t(-10). Suppose -2*p - 2*k + k = -105, -5*k + 260 = 5*p. What is the greatest common factor of p and c?
53
Let u be ((-55)/(-40) - (-4)/32) + 18/(-36). Calculate the highest common divisor of u and 212.
1
Let k(f) = -3*f**3 - f**2 + 7*f + 12. Let q be k(-4). Let w = 172 - q. Let z be (-9)/12 - 1158/(-8). Calculate the greatest common factor of z and w.
12
Suppose -2*k = 3*j - 44, -j - k - 32 = -4*j. Let t = 2443 + -1279. What is the highest common factor of j and t?
12
Suppose -4*y + 16 = -0*y. Suppose w - 280 = -y*w. Let g = -179166 + 179174. What is the highest common factor of g and w?
8
Let y be (-3 - (-196)/7)/((-3)/30*-2). What is the greatest common factor of 275 and y?
25
Let g = 521 + -244. Let c = g + -276. What is the highest common divisor of c and 9?
1
Let s = -80 - -11. Let g = s - -120. What is the highest common divisor of 17 and g?
17
Suppose 9*t = 3*s + 10*t - 121, 4*s - 174 = 5*t. What is the highest common factor of 1927 and s?
41
Let n(t) = -245*t + 1747. Let c be n(7). What is the greatest common factor of c and 368?
16
Let t(w) = -w - 58. Let q be t(-25). Let j = q + 24. Let b be 1/(-2 - 21/j). What is the greatest common divisor of b and 24?
3
Let z = -1851 - -1862. What is the greatest common divisor of z and 1177?
11
Suppose 6 = f - 24. Let i = 204 - 184. Calculate the greatest common factor of i and f.
10
Let d = 330 - -2752. Calculate the highest common factor of d and 804.
134
Suppose 19*r = 217 + 8523. Calculate the highest common divisor of r and 20.
20
Let y = 46 - 31. Suppose -3*k - 3*h + 2540 = 2144, k - 160 = -5*h. What is the highest common factor of k and y?
5
Suppose -33*j - 2*g = -38*j + 228, -3*j = 2*g - 140. What is the highest common factor of j and 54418?
46
Suppose -5*m - 2442 = -k, 4*k + 81*m - 9894 = 80*m. Calculate the highest common divisor of k and 60.
12
Let r = 327 - -3858. What is the highest common factor of r and 18?
9
Let b(u) = 79*u - 471. Let p be b(6). Suppose -2496 = -4*o - 4*d, -p*o + 4*o - 628 = 3*d. What is the highest common divisor of 50 and o?
25
Suppose 2*y + 4*y = 2388. Suppose -6*m + y = 110. Let x = 62 - 38. What is the greatest common divisor of m and x?
24
Let x(n) = n**3 + 13*n**2 - 31*n - 12. Let h be x(-15). Suppose 3 = -5*p - 3*o + 16, 9 = 5*p + 4*o. Calculate the greatest common factor of p and h.
1
Suppose 0 = 5*w - 4*r - 4860, 31*w + 4*r - 2916 = 28*w. What is the highest common divisor of w and 36?
36
Let s be (-1)/2*23/(575/(-105300)). What is the highest common divisor of s and 78?
78
Let m = 18075 + -17779. Suppose 24 = 5*g - 2*g. What is the highest common factor of g and m?
8
Let f(j) = 993*j - 2892. Let q be f(3). What is the highest common divisor of 36 and q?
3
Let q be (748/(-24))/17 + (-1)/6. Let m be -1 + 3 - 4*q/4. Suppose -3*l - 19 = -m*l + k, -3*l = 2*k - 62. Calculate the highest common divisor of 8 and l.
4
Suppose -4*d + 44*i - 39*i = -20969, -26175 = -5*d - i. Calculate the greatest common divisor of 539 and d.
77
Suppose 0 = 26*f - 932 - 9078. What is the highest common divisor of 605 and f?
55
Let b = 310 - -298. Let n = b + -606. What is the greatest common divisor of 128 and n?
2
Suppose -l = l - 8. Suppose x - 1275 = -l*x. Let n = -2449 + 2551. Calculate the highest common factor of x and n.
51
Suppose 58*g + 3564 = 49*g. Let r be (28/3)/((-11)/g). Let f(o) = o**2 + o + 48. Let i be f(0). What is the greatest common factor of i and r?
48
Let n(a) = 24*a**2 - 4*a + 84. Let h be n(5). Calculate the highest common divisor of 72 and h.
8
Let g be (4 + 1 - 106*(-15)/60)*10. Calculate the highest common divisor of 11445 and g.
105
Let j be (-817659)/(-564) + 6/(-8). What is the highest common factor of j and 105?
21
Suppose -9*t - 522 = -15*t. Suppose 79 = -2*x + t. What is the greatest common factor of 32 and x?
4
Let c(q) = 17*q - 17. Let j be c(2). Suppose j*b - 155 = 389. Calculate the highest common divisor of b and 160.
32
Let b = -311 - -221. Let c = -58 - b. Suppose 4*p - 20 = -5*j, -2*j - 3*j - 3*p + 25 = 0. Calculate the highest common divisor of j and c.
8
Suppose i - 4 = 2*w, 4*i = 3*i. Let v be 6*(1 + w + (-3)/(-2)). Let h = -3 - -6. Calculate the greatest common divisor of h and v.
3
Let i be -3*2*-5 + -2. Suppose i*y - 36 = 24*y. Suppose -5*v + y = -1. Calculate the highest common factor of v and 6.
2
Let j = -1078 - -636. Let c be j/(-3)*(-186)/(-124). What is the greatest common divisor of 26 and c?
13
Suppose -3*x = 3*k - 15, -7*k + 2*k - x + 17 = 0. Let l be (-30 + 24)*22/(-12). What is the highest common factor of l and k?
1
Let k(d) = -9*d - 125. Let w be k(-17). Let q be 329/w - (-27)/(-36). What is the highest common factor